{"id":2881,"date":"2024-01-04T11:43:04","date_gmt":"2024-01-04T11:43:04","guid":{"rendered":"https:\/\/kallik.webdev.is\/product\/verival-berry-crunchy-6x375g-vegan-lifraent\/"},"modified":"2026-04-30T11:39:02","modified_gmt":"2026-04-30T11:39:02","slug":"verival-berry-crunchy-6x375g-vegan-lifraent","status":"publish","type":"product","link":"https:\/\/kallik.is\/en\/product\/verival-berry-crunchy-6x375g-vegan-lifraent\/","title":{"rendered":"Verival Berry Crunchy 6x375g vegan l\u00edfr\u00e6nt"},"content":{"rendered":"<p>St\u00f6kk* 97,5% (heilkorna <strong>hafrafl\u00f6gur<\/strong>*, reyrsykur*, h\u00e1-ol\u00edus\u00f3lbl\u00f3maol\u00eda*, k\u00f3koshnetur*, heilkorna hr\u00edsgrj\u00f3n*, salt), ber* frost\u00cfurrku\u00a8 1,5% (jar\u00a8arber*, hindber *, br\u00f3mber*), br\u00f3mberjaduft* 1%.<\/p>\n<p>Uppruni hafra: ESB<\/p>\n<p>*) L\u00edfr\u00e6nt votta\u00a8<br \/>AT-BIO-301<\/p>\n<p>Getur innihaldi\u00a8 snefil af sesamfr\u00e6jum, sojabaunum og hnetum.<br \/>Pakka\u00a8 \u00ed verndu\u00a8u&nbsp;r\u00d5mi.<br \/>Geymi\u00a8 \u00e1 k\u00f6ldum, \u00cfurrum sta\u00a8.<br \/>\u00d0etta er n\u00e1tt\u00faruvara og getur \u00cfv\u00ed \u00ed mj\u00f6g sjaldg\u00e6fum tilvikum innihaldi\u00a8 sm\u00e1steina, afh\u00d5\u00a8aleifar og fr\u00e6leifar \u00cfr\u00e1tt fyrir n\u00e1kv\u00e6ma vinnslu.<\/p>","protected":false},"excerpt":{"rendered":"<p>St\u00f6kk* 97,5% (heilkorna hafrafl\u00f6gur*, reyrsykur*, h\u00e1-ol\u00edus\u00f3lbl\u00f3maol\u00eda*, k\u00f3koshnetur*, heilkorna hr\u00edsgrj\u00f3n*, salt), ber* frost\u00cfurrku\u00a8 1,5% (jar\u00a8arber*, hindber *, br\u00f3mber*), br\u00f3mberjaduft* 1%. Uppruni hafra: ESB *) L\u00edfr\u00e6nt votta\u00a8AT-BIO-301 Getur innihaldi\u00a8 snefil af sesamfr\u00e6jum, sojabaunum og hnetum.Pakka\u00a8 \u00ed verndu\u00a8u&nbsp;r\u00d5mi.Geymi\u00a8 \u00e1 k\u00f6ldum, \u00cfurrum sta\u00a8.\u00d0etta er n\u00e1tt\u00faruvara og getur \u00cfv\u00ed \u00ed mj\u00f6g sjaldg\u00e6fum tilvikum innihaldi\u00a8 sm\u00e1steina, afh\u00d5\u00a8aleifar og fr\u00e6leifar \u00cfr\u00e1tt fyrir [&hellip;]<\/p>\n","protected":false},"featured_media":6791,"comment_status":"closed","ping_status":"closed","template":"","meta":{"_acf_changed":false},"product_brand":[],"product_cat":[163,17],"product_tag":[],"class_list":{"0":"post-2881","1":"product","2":"type-product","3":"status-publish","4":"has-post-thumbnail","6":"product_cat-morgunkorn","7":"product_cat-vegan","9":"first","10":"instock","11":"taxable","12":"shipping-taxable","13":"purchasable","14":"product-type-simple"},"acf":[],"jetpack_sharing_enabled":true,"_links":{"self":[{"href":"https:\/\/kallik.is\/en\/wp-json\/wp\/v2\/product\/2881","targetHints":{"allow":["GET"]}}],"collection":[{"href":"https:\/\/kallik.is\/en\/wp-json\/wp\/v2\/product"}],"about":[{"href":"https:\/\/kallik.is\/en\/wp-json\/wp\/v2\/types\/product"}],"replies":[{"embeddable":true,"href":"https:\/\/kallik.is\/en\/wp-json\/wp\/v2\/comments?post=2881"}],"wp:featuredmedia":[{"embeddable":true,"href":"https:\/\/kallik.is\/en\/wp-json\/wp\/v2\/media\/6791"}],"wp:attachment":[{"href":"https:\/\/kallik.is\/en\/wp-json\/wp\/v2\/media?parent=2881"}],"wp:term":[{"taxonomy":"product_brand","embeddable":true,"href":"https:\/\/kallik.is\/en\/wp-json\/wp\/v2\/product_brand?post=2881"},{"taxonomy":"product_cat","embeddable":true,"href":"https:\/\/kallik.is\/en\/wp-json\/wp\/v2\/product_cat?post=2881"},{"taxonomy":"product_tag","embeddable":true,"href":"https:\/\/kallik.is\/en\/wp-json\/wp\/v2\/product_tag?post=2881"}],"curies":[{"name":"wp","href":"https:\/\/api.w.org\/{rel}","templated":true}]}}

Verival Berry Crunchy 6x375g vegan lífrænt

<p>Stökk* 97,5% (heilkorna <strong>hafraflögur</strong>*, reyrsykur*, há-olíusólblómaolía*, kókoshnetur*, heilkorna hrísgrjón*, salt), ber* frostÏurrku¨ 1,5% (jar¨arber*, hindber *, brómber*), brómberjaduft* 1%.</p>
<p>Uppruni hafra: ESB</p>
<p>*) Lífrænt votta¨<br />AT-BIO-301</p>
<p>Getur innihaldi¨ snefil af sesamfræjum, sojabaunum og hnetum.<br />Pakka¨ í verndu¨u&nbsp;rÕmi.<br />Geymi¨ á köldum, Ïurrum sta¨.<br />Ðetta er náttúruvara og getur Ïví í mjög sjaldgæfum tilvikum innihaldi¨ smásteina, afhÕ¨aleifar og fræleifar Ïrátt fyrir nákvæma vinnslu.</p>

<p>Stökk* 97,5% (heilkorna hafraflögur*, reyrsykur*, há-olíusólblómaolía*, kókoshnetur*, heilkorna hrísgrjón*, salt), ber* frostÏurrku¨ 1,5% (jar¨arber*, hindber *, brómber*), brómberjaduft* 1%. Uppruni hafra: ESB *) Lífrænt votta¨AT-BIO-301 Getur innihaldi¨ snefil af sesamfræjum, sojabaunum og hnetum.Pakka¨ í verndu¨u&nbsp;rÕmi.Geymi¨ á köldum, Ïurrum sta¨.Ðetta er náttúruvara og getur Ïví í mjög sjaldgæfum tilvikum innihaldi¨ smásteina, afhÕ¨aleifar og fræleifar Ïrátt fyrir [&hellip;]</p>
